, -y*z = -5*u + 3. What is the greatest common divisor of w and z?
6
Let f(v) = 6*v**2 + 5*v + 30. Let z be f(4). Suppose 3*t - 4*q = z, t + 2*t - q - 131 = 0. Calculate the highest common factor of 140 and t.
14
Let b be 15 + 15422 - (0 - 3) - 16/4. What is the greatest common factor of b and 68?
68
Let k(o) = 45*o**3 + 7*o**2 - 26*o + 9. Let l be k(6). Calculate the greatest common factor of 75 and l.
75
Let a(p) = p**3 + 8*p**2 - 5*p - 1. Let z be a(-7). Suppose 4*l = -3*g + z, 0 = -2*l - 0*g - g + 39. Calculate the greatest common factor of l and 238.
17
Let k(l) = -l**2 - 10*l + 42. Let j be k(-13). Suppose j*s - 5*d = 1317, -1495 + 610 = -2*s + d. Calculate the highest common divisor of 12 and s.
12
Suppose -3*v + 9*s = 12*s - 8667, -14459 = -5*v + 2*s. What is the highest common factor of 118 and v?
59
Suppose 375 = -22*c + 23*c. What is the highest common factor of 15 and c?
15
Let i = -6668 - -6803. What is the greatest common divisor of i and 1110?
15
Let y(t) = -2*t**2 - 6*t + 6. Let s be y(-9). Let q = 70 + s. Let b = -27 - q. Calculate the greatest common divisor of 5 and b.
5
Let j be (-13)/26 - (-510)/4. Suppose j*h - 131*h + b + 2187 = 0, -3*h - 2*b = -1632. What is the greatest common factor of h and 42?
42
Let x = 1188 + -1166. Let l(d) = -8*d + 205. Let y be l(x). Let k(s) = -23*s - 5. Let j be k(-4). Calculate the highest common factor of y and j.
29
Suppose 13*c = 13919 - 13269. Calculate the greatest common divisor of c and 1530.
10
Suppose -36 = -4*b + 2*b. Let t(q) = q**3 + 8*q**2 - 3*q - 27. Let l be t(-6). Calculate the greatest common divisor of l and b.
9
Suppose 5*u + 143 = 4*b - 0, 0 = -4*u - 12. Let i = b + -19. What is the highest common divisor of 169 and i?
13
Let z(l) = -l + 30. Let m be z(22). Let a be m*171/6 + (-8)/2. What is the highest common factor of a and 32?
32
Suppose -2*g + 4*g = 644. Let i = -287 + g. Calculate the highest common factor of i and 595.
35
Let v(q) = -q**3 + 8*q**2 + 5*q - 35. Let z be v(8). Let h(o) = 12*o**2 + 8*o - 20. Let x be h(z). Calculate the greatest common factor of 10 and x.
10
Suppose 1556*t - 1569*t = -104. Calculate the greatest common divisor of t and 4376.
8
Let u(k) = 30*k + 48. Suppose 34*j - 52 = 16. Let v be u(j). Let l be 11 + (-1 - (-1 - 1)). What is the greatest common divisor of v and l?
12
Let p(g) = g**2 + 14*g - 69. Let t(u) = 3*u**2 + 41*u - 204. Let f(d) = -17*p(d) + 6*t(d). Let k be f(7). Calculate the highest common divisor of 2 and k.
2
Suppose -72*p + 19*p - 22*p = -51300. What is the greatest common divisor of p and 1881?
171
Suppose -3*q = -6*q + 9. Suppose 0 = j - 3, -2*c = q*j - 154 - 95. Suppose -122*k + c*k = -46. What is the highest common factor of k and 92?
23
Suppose -123*m + 92*m = -3765 + 1161. What is the highest common divisor of 2870 and m?
14
Let w = -5930 + 8358. Suppose 9524 = 48*f - w. What is the highest common factor of 83 and f?
83
Suppose -476 = o + 6*o. Let c = 79 + o. Suppose -c*t + t = -100. What is the greatest common divisor of t and 20?
10
Suppose -15*w + 10*w = -75. Suppose -p - w*p + 160 = 0. What is the highest common divisor of p and 230?
10
Suppose -32*z + 188*z + 3611 + 8713 = 0. Suppose 4*m + 360 = -m + 5*q, -4*m + 2*q = 288. Let h = m - z. Calculate the greatest common factor of 28 and h.
7
Let p be 24080/(-1032)*12/(-10). What is the highest common divisor of p and 32?
4
Let n = -20 + -9. Suppose 2*o + 5*c + 21 = -57, o + 3*c + 39 = 0. Let y = n - o. Calculate the highest common divisor of 50 and y.
10
Let a = 10093 - 10057. Calculate the highest common divisor of 6036 and a.
12
Let n be 74 + (5 - (-24)/(-3)). Let z = 72 - n. Calculate the greatest common divisor of z and 17.
1
Let l be 42/5*25/15. Suppose 11*p - 10*p - 20 = -5*q, -p + l = -q. Calculate the greatest common divisor of 10 and p.
5
Let a = -584 - -301. Let t = a - -403. Suppose 0 = h + 4*h - t. What is the highest common divisor of 8 and h?
8
Let d = -5420 - -5556. Calculate the highest common factor of d and 8024.
136
Let o = -15087 + 15113. What is the highest common factor of o and 6526?
26
Suppose 1175*u = 1215*u - 680. What is the greatest common factor of 731 and u?
17
Let w(h) = h**2 - 43*h - 3. Let s(t) = 2*t**2 - 43*t - 3. Let a(d) = -5*s(d) + 6*w(d). Let f be a(-7). Calculate the greatest common divisor of 51 and f.
51
Let z = -100 - -103. Suppose 2*f - 2*d = z*f - 90, 0 = -d. What is the highest common factor of 36 and f?
18
Suppose 0*x + 4*x = 4*r + 148, -4*x + 3*r = -153. Let s = 55 - x. Suppose -s*g + 11*g = -12. Calculate the greatest common factor of g and 2.
2
Suppose 4*x - 2*i = 58, -x + 4*x - 5*i = 47. Let t = -19 + x. Let v be (78/(-15) + 2)/(t/250). Calculate the greatest common factor of v and 20.
20
Suppose 5*y - 4*s + 1 = 0, 5*y - 3*y + 5*s - 26 = 0. Let p(t) = 24 + 2 + 6*t - y*t. Let r be p(0). What is the greatest common factor of r and 13?
13
Suppose 127*c - 126*c - 259 = -4*s, -c + 195 = 3*s. What is the greatest common divisor of s and 4832?
32
Let v = -539 + 546. Suppose -p + 2 = 0, v*s - 110 = 4*s - p. What is the highest common divisor of 558 and s?
18
Suppose 0 = 2*b + 10*p - 44, 5*b - 3*p - 227 = -61. Calculate the highest common divisor of 26272 and b.
32
Let o(t) = -t**2 - 6*t + 6. Let w be o(-6). Let z be (-21)/w*(-176)/56. Calculate the greatest common factor of 209 and z.
11
Let x be (-104)/676 - 240441/(-39). Calculate the greatest common divisor of 137 and x.
137
Suppose 5*f - 4948 = 23*p - 21*p, 2958 = 3*f - 3*p. Calculate the highest common divisor of f and 160.
32
Let d(k) = -3*k**3 + k**2 + 18*k + 34. Let g be d(0). Calculate the greatest common divisor of g and 3281.
17
Let n(v) = -v**3 - 2*v**2 + v - 3. Let c be n(-3). Let u be 4*(-3 + 198)/c. Suppose 0 = -11*p + u + 235. Calculate the greatest common factor of 405 and p.
45
Suppose -125699 = -154*f - 35917. Let b = -2 - -13. Calculate the greatest common factor of b and f.
11
Suppose -3 - 45 = -6*r. Let h(v) = -v**3 + 4*v**2 + 31*v + 9. Let b be h(r). What is the greatest common factor of 3 and b?
1
Suppose 4*p - 10 = 2*p. Let m be (-1)/((-3)/(-24)) + 13. Suppose -p*t + v - 59 = -167, -t + m*v = -12. What is the highest common factor of t and 198?
22
Let r(i) = -i**3 - 10*i**2 + 113*i + 1107. Let p be r(-12). Suppose 295 = -4*f + 971. Calculate the highest common factor of p and f.
13
Let z be 16089/62*4/(-6). Let y = z - -184. What is the greatest common divisor of y and 55?
11
Let t be -11*3/(2 + -35). Calculate the greatest common divisor of t and 97.
1
Suppose -5*h + 160 = -b, 84*b - 85*b + 64 = 2*h. What is the greatest common divisor of 1952 and h?
32
Suppose 4*v + 28 = 4*o, 6*o + 5*v - 5 = 3*o. Suppose 250 + 50 = o*f. Let k = 67 - 43. What is the highest common factor of k and f?
12
Let q = -77 + 237. Suppose 5*h + 2*n + 1 = 82, 0 = 2*h + 3*n - 39. Let k = 35 - h. What is the greatest common divisor of q and k?
20
Let x = -809 + 809. Suppose -4*r + 3*v + 367 = x, -2*v - 9 + 7 = 0. What is the highest common divisor of 637 and r?
91
Let r(a) = 17*a + 2769. Let o be r(-105). What is the highest common divisor of o and 861?
123
Suppose -346*p + 341*p + 731 = 2*s, -s + p + 369 = 0. What is the highest common factor of 1564 and s?
92
Suppose -3*n + 1790 = 2*s, 2*n - s - 438 = 760. Calculate the greatest common factor of 1081 and n.
23
Suppose 210 = -29*z + 39*z. Suppose -4*c - p + z = 2*p, -4*p = 2*c + 2. Calculate the highest common divisor of c and 15.
3
Let f(p) = -4*p**2 + p - 5. Let l(x) = -3*x**2 + x - 6. Let h(m) = -5*f(m) + 4*l(m). Let u be h(-4). What is the highest common factor of 38 and u?
19
Let j be (273/(-182))/(1/(8/(-3))). Let d be 4 + 11 - 8 - j. What is the greatest common divisor of d and 141?
3
Let h(n) = n**3 + 9*n**2 + 7*n - 10. Let b be h(-7). Let l be 0 - -3 - ((-7)/1 - 16). Calculate the greatest common factor of l and b.
13
Let c = -82 - -80. Let q be (-18)/c*1/1. Calculate the greatest common divisor of q and 9.
9
Suppose -22*y + 28*y = 480. Suppose 199*n = 197*n + 10. What is the highest common divisor of n and y?
5
Suppose 8*w - 18*w + 1610 = 0. Let v = -138 + w. Let j = 57 + -34. What is the greatest common divisor of v and j?
23
Let u(l) = -2*l**2 - 29*l - 56. Let s be u(-12). Let d(x) = 4*x**3 - 5*x**2 + 9*x + 4. 